{"id":57,"date":"2026-01-30T22:00:47","date_gmt":"2026-01-30T21:00:47","guid":{"rendered":"https:\/\/wedbensel.ch\/?page_id=57"},"modified":"2026-02-03T17:42:40","modified_gmt":"2026-02-03T16:42:40","slug":"anreise-unterkunft","status":"publish","type":"page","link":"https:\/\/wedbensel.ch\/?page_id=57","title":{"rendered":"Anreise &amp; Unterkunft"},"content":{"rendered":"\n<div class=\"wp-block-group invite-title is-layout-constrained wp-block-group-is-layout-constrained\">\n<h2 class=\"wp-block-heading invite-title__top\">put<\/h2>\n\n\n\n<h1 class=\"wp-block-heading invite-title__main\">ANREISE <\/h1>\n<\/div>\n\n\n\n<p>Damit eure Reise nach Split ganz entspannt wird, findet ihr hier alle wichtigen Informationen zur Anreise und zu \u00dcbernachtungsm\u00f6glichkeiten. Die Stadt ist gut erreichbar und bietet viele sch\u00f6ne Unterk\u00fcnfte in unterschiedlichen Lagen und Preisklassen.<\/p>\n\n\n\n<h4 class=\"wp-block-heading\">Fl\u00fcge Z\u00fcrich Split<\/h4>\n\n\n\n<p>Split ist von Z\u00fcrich aus sehr gut per Direktflug erreichbar. Mehrere Fluggesellschaften bieten regelm\u00e4\u00dfige Verbindungen an, besonders in der Saison gibt es viele Optionen pro Woche. Die Flugzeit betr\u00e4gt ungef\u00e4hr 1 Stunde und 40 Minuten. Wir empfehlen, die Fl\u00fcge fr\u00fchzeitig zu buchen, da die Strecke sehr beliebt ist.<\/p>\n\n\n\n<p>Hier findet ihr einen Non-Stop-Flug von Z\u00fcrich nach Split: <\/p>\n\n\n\n<div class=\"wp-block-buttons is-layout-flex wp-block-buttons-is-layout-flex\">\n<div class=\"wp-block-button\"><a class=\"wp-block-button__link wp-element-button\" href=\"https:\/\/www.google.com\/travel\/flights\/s\/phpifKMDtuET7Cmr5\">Flug Z\u00fcrich Split<\/a><\/div>\n<\/div>\n\n\n\n<h4 class=\"wp-block-heading\">Anreise per Auto<\/h4>\n\n\n\n<p>Die Anreise mit dem Auto von Z\u00fcrich nach Split ist gut m\u00f6glich und landschaftlich sehr sch\u00f6n. Je nach Route dauert die Fahrt ungef\u00e4hr 9 bis 11 Stunden. Es gibt verschiedene Streckenoptionen.<\/p>\n\n\n\n<p>Die schnellste Route f\u00fchrt \u00fcber \u00d6sterreich und Slowenien nach Kroatien und weiter bis Split. Die Autobahnen sind gut ausgebaut. Bitte beachtet die Mautpflicht in \u00d6sterreich, Slowenien und Kroatien.<\/p>\n\n\n\n<p>Die schnellste Route f\u00fchrt \u00fcber \u00d6sterreich und Slowenien nach Kroatien und weiter bis Split. Die Autobahnen sind gut ausgebaut. Bitte beachtet die Mautpflicht in \u00d6sterreich, Slowenien und Kroatien.<\/p>\n\n\n\n<iframe src=\"https:\/\/www.google.com\/maps\/embed?pb=!1m28!1m12!1m3!1d2848720.645513203!2d10.105850577999895!3d45.79215418817258!2m3!1f0!2f0!3f0!3m2!1i1024!2i768!4f13.1!4m13!3e0!4m5!1s0x479b1e297633d855%3A0x9a2250081ffe6114!2sSt.%20Gallen!3m2!1d47.424481799999995!2d9.3767173!4m5!1s0x13355dfc6bbcf517%3A0xa1798ff631b49f98!2sSplit%2C%20Kroatien!3m2!1d43.5147118!2d16.4435148!5e0!3m2!1sde!2sch!4v1770049039364!5m2!1sde!2sch\" width=\"600\" height=\"450\" style=\"border:0;\" allowfullscreen=\"\" loading=\"lazy\" referrerpolicy=\"no-referrer-when-downgrade\"><\/iframe>\n\n\n\n<hr class=\"wp-block-separator has-alpha-channel-opacity\"\/>\n\n\n\n<p>Die Route \u00fcber Rijeka ist eine sehr sch\u00f6ne M\u00f6glichkeit, mit dem Auto nach Split zu reisen. Die Strecke f\u00fchrt durch \u00d6sterreich und Slowenien bis an die kroatische K\u00fcste und dann entlang der Adria weiter Richtung S\u00fcden. Besonders der K\u00fcstenabschnitt bietet beeindruckende Ausblicke auf Meer und Inseln. Diese Variante eignet sich gut, wenn ihr die Fahrt etwas entspannter gestalten und unterwegs eine Pause am Meer einlegen m\u00f6chtet. Je nach Verkehr und Saison kann die Reisezeit etwas variieren. Plant deshalb gen\u00fcgend Zeit ein.<\/p>\n\n\n\n<iframe src=\"https:\/\/www.google.com\/maps\/embed?pb=!1m28!1m12!1m3!1d1582568.7645070713!2d12.077375003368847!3d44.73149188676616!2m3!1f0!2f0!3f0!3m2!1i1024!2i768!4f13.1!4m13!3e0!4m5!1s0x479b1e297633d855%3A0x9a2250081ffe6114!2sSt.%20Gallen!3m2!1d47.424481799999995!2d9.3767173!4m5!1s0x13355dfc6bbcf517%3A0xa1798ff631b49f98!2sSplit%2C%20Kroatien!3m2!1d43.5147118!2d16.4435148!5e0!3m2!1sde!2sch!4v1770049203156!5m2!1sde!2sch\" width=\"600\" height=\"450\" style=\"border:0;\" allowfullscreen=\"\" loading=\"lazy\" referrerpolicy=\"no-referrer-when-downgrade\"><\/iframe>\n\n\n\n<hr class=\"wp-block-separator has-alpha-channel-opacity\"\/>\n\n\n\n<p>Alternativ ist auch eine Route \u00fcber Norditalien m\u00f6glich. Von dort kann man mit der F\u00e4hre \u00fcber die Adria nach Kroatien \u00fcbersetzen. Diese Variante dauert l\u00e4nger, ist aber besonders reizvoll, wenn ihr die Reise mit einem kleinen Urlaub verbinden m\u00f6chtet.<\/p>\n\n\n\n<iframe src=\"https:\/\/www.google.com\/maps\/embed?pb=!1m34!1m12!1m3!1d2873747.147869324!2d10.10726620900973!3d45.30047220212836!2m3!1f0!2f0!3f0!3m2!1i1024!2i768!4f13.1!4m19!3e0!4m5!1s0x479b1e297633d855%3A0x9a2250081ffe6114!2sSt.%20Gallen!3m2!1d47.424481799999995!2d9.3767173!4m5!1s0x132d802a2447a9c3%3A0xfad5680543fc5ac!2sAncona%2C%20Italien!3m2!1d43.607139499999995!2d13.510174099999999!4m5!1s0x13355dfc6bbcf517%3A0xa1798ff631b49f98!2sSplit%2C%20Kroatien!3m2!1d43.5147118!2d16.4435148!5e0!3m2!1sde!2sch!4v1770049384437!5m2!1sde!2sch\" width=\"600\" height=\"450\" style=\"border:0;\" allowfullscreen=\"\" loading=\"lazy\" referrerpolicy=\"no-referrer-when-downgrade\"><\/iframe>\n\n\n\n<div style=\"height:100px\" aria-hidden=\"true\" class=\"wp-block-spacer\"><\/div>\n\n\n\n<h4 class=\"wp-block-heading\">Anreise vom Flughafen Split<\/h4>\n\n\n\n<p>Der Flughafen Split liegt etwa 30 Minuten vom Stadtzentrum entfernt. Vom Flughafen kommt ihr bequem mit Taxi, Uber, Fahrdienst oder Shuttle in die Stadt oder direkt zur Unterkunft.<\/p>\n\n\n\n<div style=\"height:62px\" aria-hidden=\"true\" class=\"wp-block-spacer\"><\/div>\n\n\n\n<h4 class=\"wp-block-heading\">Unterkunft<\/h4>\n\n\n\n<p>Die Unterkunft k\u00f6nnt ihr in verschiedenen Teilen der Stadt w\u00e4hlen. Wenn ihr gerne in Strandn\u00e4he wohnen m\u00f6chtet, gibt es mehrere sch\u00f6ne K\u00fcstenabschnitte mit Badebuchten und Stadtstr\u00e4nden.<\/p>\n\n\n\n<p>Wenn ihr eure Unterkunft nach Strandn\u00e4he ausw\u00e4hlen m\u00f6chtet, gibt es in Split mehrere gute Optionen, je nach Stimmung und Lage:<\/p>\n\n\n\n<ul class=\"wp-block-list\">\n<li><strong>Ba\u010dvice<\/strong> ist der bekannteste Stadtstrand, sehr nah an der Altstadt, sandig und lebendig. Ideal, wenn ihr zentral wohnen und schnell im Geschehen sein m\u00f6chtet.<\/li>\n\n\n\n<li><strong>Firule<\/strong> liegt neben Ba\u010dvice, etwas ruhiger, mit sch\u00f6nen Badepl\u00e4tzen und guten Wohnlagen in der Umgebung.<\/li>\n\n\n\n<li><strong>\u017dnjan<\/strong> befindet sich \u00f6stlich vom Zentrum. Dort gibt es lange Strandabschnitte, moderne Apartments und Hotels, gut erreichbar und etwas entspannter.<\/li>\n<\/ul>\n\n\n\n<p>In der N\u00e4he vom Restaurant Adriatic und Sustipan wohnt ihr ruhig, mit Meerblick und trotzdem zentrumsnah. Geeignete Stadtteile in dieser Umgebung sind vor allem <strong>Meje<\/strong> und <strong>Varo\u0161<\/strong>. Von dort seid ihr schnell bei der Location und erreicht die Altstadt von Split in wenigen Minuten zu Fuss. Auch Unterk\u00fcnfte rund um die Altstadt selbst sind eine gute Wahl, wenn ihr kurze Wege und das lebendige Stadtgef\u00fchl m\u00f6gt.<\/p>\n\n\n\n<p>Konkrete Vorschl\u00e4ge stellen wir euch noch zusammen.<\/p>\n\n\n\n<p><\/p>\n","protected":false},"excerpt":{"rendered":"<p>put ANREISE Damit eure Reise nach Split ganz entspannt wird, findet ihr hier alle wichtigen Informationen zur Anreise und zu [&hellip;]<\/p>\n","protected":false},"author":1,"featured_media":0,"parent":0,"menu_order":0,"comment_status":"closed","ping_status":"closed","template":"","meta":{"_uag_custom_page_level_css":"","site-sidebar-layout":"default","site-content-layout":"","ast-site-content-layout":"default","site-content-style":"default","site-sidebar-style":"default","ast-global-header-display":"","ast-banner-title-visibility":"","ast-main-header-display":"","ast-hfb-above-header-display":"","ast-hfb-below-header-display":"","ast-hfb-mobile-header-display":"","site-post-title":"disabled","ast-breadcrumbs-content":"","ast-featured-img":"","footer-sml-layout":"","ast-disable-related-posts":"","theme-transparent-header-meta":"","adv-header-id-meta":"","stick-header-meta":"","header-above-stick-meta":"","header-main-stick-meta":"","header-below-stick-meta":"","astra-migrate-meta-layouts":"default","ast-page-background-enabled":"default","ast-page-background-meta":{"desktop":{"background-color":"var(--ast-global-color-5)","background-image":"","background-repeat":"repeat","background-position":"center center","background-size":"auto","background-attachment":"scroll","background-type":"","background-media":"","overlay-type":"","overlay-color":"","overlay-opacity":"","overlay-gradient":""},"tablet":{"background-color":"","background-image":"","background-repeat":"repeat","background-position":"center center","background-size":"auto","background-attachment":"scroll","background-type":"","background-media":"","overlay-type":"","overlay-color":"","overlay-opacity":"","overlay-gradient":""},"mobile":{"background-color":"","background-image":"","background-repeat":"repeat","background-position":"center center","background-size":"auto","background-attachment":"scroll","background-type":"","background-media":"","overlay-type":"","overlay-color":"","overlay-opacity":"","overlay-gradient":""}},"ast-content-background-meta":{"desktop":{"background-color":"var(--ast-global-color-4)","background-image":"","background-repeat":"repeat","background-position":"center center","background-size":"auto","background-attachment":"scroll","background-type":"","background-media":"","overlay-type":"","overlay-color":"","overlay-opacity":"","overlay-gradient":""},"tablet":{"background-color":"var(--ast-global-color-4)","background-image":"","background-repeat":"repeat","background-position":"center center","background-size":"auto","background-attachment":"scroll","background-type":"","background-media":"","overlay-type":"","overlay-color":"","overlay-opacity":"","overlay-gradient":""},"mobile":{"background-color":"var(--ast-global-color-4)","background-image":"","background-repeat":"repeat","background-position":"center center","background-size":"auto","background-attachment":"scroll","background-type":"","background-media":"","overlay-type":"","overlay-color":"","overlay-opacity":"","overlay-gradient":""}},"footnotes":""},"class_list":["post-57","page","type-page","status-publish","hentry"],"uagb_featured_image_src":{"full":false,"thumbnail":false,"medium":false,"medium_large":false,"large":false,"1536x1536":false,"2048x2048":false,"mailpoet_newsletter_max":false},"uagb_author_info":{"display_name":"admin","author_link":"https:\/\/wedbensel.ch\/?author=1"},"uagb_comment_info":0,"uagb_excerpt":"put ANREISE Damit eure Reise nach Split ganz entspannt wird, findet ihr hier alle wichtigen Informationen zur Anreise und zu [&hellip;]","_links":{"self":[{"href":"https:\/\/wedbensel.ch\/index.php?rest_route=\/wp\/v2\/pages\/57","targetHints":{"allow":["GET"]}}],"collection":[{"href":"https:\/\/wedbensel.ch\/index.php?rest_route=\/wp\/v2\/pages"}],"about":[{"href":"https:\/\/wedbensel.ch\/index.php?rest_route=\/wp\/v2\/types\/page"}],"author":[{"embeddable":true,"href":"https:\/\/wedbensel.ch\/index.php?rest_route=\/wp\/v2\/users\/1"}],"replies":[{"embeddable":true,"href":"https:\/\/wedbensel.ch\/index.php?rest_route=%2Fwp%2Fv2%2Fcomments&post=57"}],"version-history":[{"count":12,"href":"https:\/\/wedbensel.ch\/index.php?rest_route=\/wp\/v2\/pages\/57\/revisions"}],"predecessor-version":[{"id":336,"href":"https:\/\/wedbensel.ch\/index.php?rest_route=\/wp\/v2\/pages\/57\/revisions\/336"}],"wp:attachment":[{"href":"https:\/\/wedbensel.ch\/index.php?rest_route=%2Fwp%2Fv2%2Fmedia&parent=57"}],"curies":[{"name":"wp","href":"https:\/\/api.w.org\/{rel}","templated":true}]}}